1
Convert -24245013 (base 9) to base 16.
-b4a8d5
What is 181ad6d (base 14) in base 2?
101101011001011011010101
What is -1011100001010001111101 (base 2) in base 10?
-3019901
Convert -22300311022 (base 4) to base 12.
-b4094a
Convert -2010220121011 (base 3) to base 2.
-100010110010010010111
-136849a (base 13) to base 8
-27305401
Convert 274142 (base 8) to base 4.
113201202
Convert 25c2d (base 14) to base 16.
16b11
What is 111222012301 (base 4) in base 14?
a7b0ad
What is 10440 (base 8) in base 14?
1852
What is 78141 (base 11) in base 10?
113301
Convert 32001121 (base 4) to base 10.
57433
-3263737 (base 12) to base 13
-1ca8462
Convert 1525117 (base 8) to base 16.
6aa4f
What is 4087512 (base 9) in base 6?
114450015
386381 (base 10) to base 12
167725
-11010001111011110111110 (base 2) to base 15
-90d411
What is -22100221101 (base 3) in base 4?
-220031212
Convert -791a4 (base 11) to base 7.
-655256
-3232022323 (base 4) to base 12
-3b0677
What is -1725320 (base 8) in base 11?
-313580
-11083852 (base 9) to base 7
-63433223
What is -125277 (base 10) in base 12?
-605b9
Convert -101001110101011001 (base 2) to base 5.
-20440403
What is -134652 (base 11) in base 7?
-1536253
1088290 (base 10) to base 5
234311130
-a2701 (base 11) to base 12
-72914
Convert -223401131 (base 5) to base 13.
-28ba86
64390 (base 11) to base 10
93632
What is 13028 (base 16) in base 6?
1400252
What is 111101011110110100111 (base 2) in base 8?
7536647
Convert 21110011122 (base 3) to base 5.
14143104
What is 322552 (base 10) in base 12?
1367b4
14112343 (base 5) to base 9
240463
Convert -3167aa8 (base 13) to base 3.
-1001022010101220
What is 42231114 (base 6) in base 7?
13323022
7a063b (base 13) to base 16
2c085d
Convert 92763 (base 10) to base 11.
63770
44931a (base 12) to base 15
16936d
10010100000 (base 3) to base 8
170047
-131321303300 (base 4) to base 14
-1080a9a
What is -214515 (base 14) in base 16?
-112e97
-40403031 (base 5) to base 12
-13837b
Convert -4524162 (base 7) to base 6.
-20004430
Convert -233311310002 (base 4) to base 14.
-1946590
What is 2163531 (base 8) in base 6?
20301241
Convert 24208a3 (base 12) to base 6.
410125523
Convert -14323314 (base 5) to base 4.
-211002131
-2dd033 (base 14) to base 7
-16456063
Convert 13458 (base 15) to base 4.
33010211
-34420001 (base 6) to base 14
-1d84b7
-63b58 (base 12) to base 15
-28d52
Convert 1434244 (base 5) to base 14.
b1dc
-20303021032 (base 4) to base 15
-3086ad
Convert -101203011 (base 5) to base 12.
-17ab29
What is 3424340243 (base 5) in base 10?
7652573
What is 15a0c (base 15) in base 13?
259a4
What is 168820 (base 12) in base 6?
12153240
What is -3155056 (base 7) in base 6?
-12115311
3333411333 (base 5) to base 13
1696625
-1285353 (base 10) to base 2
-100111001110011101001
b4d48 (base 14) to base 10
436164
-21225433 (base 7) to base 3
-10101201010001
Convert 120321112 (base 4) to base 3.
12011212211
What is 100111111011001001001101 (base 2) in base 4?
213323021031
136303343 (base 7) to base 13
1b2b397
What is 24f1fd (base 16) in base 5?
1104434440
What is -11663423 (base 7) in base 15?
-15d5c2
Convert -4045561 (base 7) to base 13.
-13b637
ca08a (base 14) to base 13
1414b1
What is -68864 (base 11) in base 13?
-363c4
What is -110110102201 (base 4) in base 10?
-5325985
What is -8a009 (base 16) in base 12?
-233149
Convert -3552104 (base 6) to base 5.
-21421200
-4b19b (base 12) to base 8
-307507
Convert -66a343 (base 11) to base 12.
-435b94
Convert 11100112112 (base 3) to base 5.
10220220
What is c3a9a (base 14) in base 12?
1a8908
Convert 104d54a (base 14) to base 15.
a275b3
Convert -1100111101110101100101 (base 2) to base 16.
-33dd65
Convert 224754 (base 10) to base 13.
7b3ba
What is -11313200 (base 5) in base 8?
-313357
Convert -462741 (base 8) to base 6.
-3211321
1752609 (base 10) to base 11
a97841
Convert -753a1 (base 11) to base 9.
-176325
What is -877ad (base 15) in base 5?
-102232423
-10131243 (base 7) to base 15
-11b400
-2202104303 (base 5) to base 15
-6343a3
Convert 3760030 (base 9) to base 2.
111110011110001010011
What is 130323122 (base 4) in base 6?
2312322
Convert -187c10b (base 13) to base 8.
-36467110
141312 (base 7) to base 5
1330120
Convert 122222202 (base 3) to base 5.
404430
What is -1034775 (base 9) in base 3?
-1001011212112
-30200233 (base 5) to base 13
-8572b
-464366 (base 7) to base 15
-199bb
Convert 3232a (base 15) to base 7.
1232356
Convert -1164520 (base 7) to base 12.
-73111
What is 112298 (base 10) in base 14?
2ccd4
Convert 3de30 (base 15) to base 11.
12651a
2121000011102 (base 3) to base 4
11100122021
What is -10202100100212 (base 3) in base 10?
-1994810
20100011210002 (base 3) to base 2
1100110110100100111110
What is 2744d6d (base 14) in base 9?
38654830
What is -100003024 (base 5) in base 15?
-7acc9
What is -559b8b (base 12) in base 8?
-5152133
Convert -3032300 (base 7) to base 15.
-71e58
What is -100041041 (base 6) in base 15?
-234411
-30340301 (base 5) to base 2
-111100001000110110
12323034443 (base 5) to base 9
31276765
Convert 90d6 (base 15) to base 12.
15840
What is 13433330431 (base 5) in base 15?
1804461
Convert -55796 (base 16) to base 15.
-6db02
Convert -3136133 (base 7) to base 13.
-103718
Convert -4665a2 (base 11) to base 8.
-2646621
Convert -21211202211102 (base 3) to base 13.
-b2c364
Convert 42988c (base 14) to base 10.
2254516
Convert 566214 (base 10) to base 11.
357450
What is 3583c (base 13) in base 9?
158467
Convert -210101201110 (base 3) to base 7.
-3402603
Convert 133321100 (base 4) to base 6.
2444452
Convert 642770 (base 11) to base 15.
154adb
Convert -315203251 (base 6) to base 5.
-2411141432
2477322 (base 8) to base 9
1257461
What is 46cc (base 16) in base 3?
220212021
Convert -345c5 (base 14) to base 4.
-133012101
What is 112423413 (base 5) in base 8?
1754271
What is 44332 (base 7) in base 16?
2b8a
1120133331 (base 4) to base 15
72613
What is -101211001000 (base 3) in base 4?
-303332133
What is 45173373 (base 8) in base 11?
5568830
What is -b0772 (base 14) in base 6?
-13031104
What is 2713ab (base 13) in base 9?
1700707
10431121 (base 5) to base 6
1552553
What is 1a01620 (base 12) in base 15?
732bd0
102022023223 (base 4) to base 7
55314265
What is 1a65ca (base 13) in base 7?
5463356
10010000001000110111 (base 2) to base 6
20353143
12242400 (base 5) to base 4
130323023
What is -21426545 (base 7) in base 9?
-3412685
Convert -60a96 (base 12) to base 15.
-274d0
-245502 (base 8) to base 4
-110231002
What is 10011001101110010101 (base 2) in base 8?
2315625
Convert 437322 (base 8) to base 6.
3053134
Convert 355c88 (base 15) to base 14.
4a590d
26a523 (base 12) to base 15
c99dc
What is -9888512 (base 10) in base 6?
-551540052
What is 6323809 (base 11) in base 16?
aa1613
Convert 223563 (base 9) to base 14.
36b01
212202200012 (base 3) to base 9
782605
Convert 121110002020 (base 4) to base 8.
31240210
Convert -1814876 (base 11) to base 13.
-83b48b
-61971 (base 10) to base 11
-42618
Convert -8121a1 (base 12) to base 16.
-1ebf89
3388618 (base 10) to base 16
33b4ca
What is 1625430 (base 14) in base 12?
3771842
What is 232233114 (base 5) in base 12?
42a929
Convert 7b486 (base 12) to base 11.
102933
What is -8b85a (base 16) in base 3?
-1002000221000
Convert -6731476 (base 9) to base 7.
-42536040
Convert -1101100001110100100 (base 2) to base 7.
-3524264
What is -64f9a (base 16) in base 6?
-12510442
What is 74b05 (base 13) in base 3?
101200212020
Convert -1001110001110100011101001 (base 2) to base 9.
-42525106
What is -330551344 (base 6) in base 11?
-338707a
Convert 56b6 (base 13) to base 7.
50263
-7c990 (base 13) to base 3
-102120122211
What is 39212 (base 10) in base 2?
1001100100101100
What is 11c0680 (base 14) in base 8?
40423350
What is -434402333 (base 5) in base 8?
-7110532
What is 299417 (base 14) in base 12?
5993a5
What is -2025747 (base 8) in base 9?
-1005540
What is -463116 (base 8) in base 7?
-1223330
-66231207 (base 8) to base 16
-d93287
Convert -1011110111010000110 (base 2) to base 14.
-a1954
What is 1025145 (base 8) in base 4?
1002221211
What is -31163 (base 14) in base 9?
-200216
85f66 (base 16) to base 7
4443511
Convert -3562465 (base 7) to base 15.
-8e047
What is -3021212330 (base 4) in base 10?
-825788
-23196 (base 15) to base 5
-12033431
7162 (base 13) to base 9
23384
Conve